{"id":7,"date":"2021-03-21T13:20:57","date_gmt":"2021-03-21T13:20:57","guid":{"rendered":"https:\/\/nortes.ee\/?page_id=7"},"modified":"2022-09-29T05:55:52","modified_gmt":"2022-09-29T05:55:52","slug":"ettevottest","status":"publish","type":"page","link":"https:\/\/nortes.ee\/","title":{"rendered":"Ettev\u00f5ttest"},"content":{"rendered":"\n<!-- Intro-->\n<section class=\"container my-lg-2 pt-5 pb-7\">\n    <div class=\"row align-items-center\">\n        <div class=\"col-lg-5 py-3 py-lg-0\">\n            <h1>Elektripaigaldis algab projektist<\/h1>\n            <h2 class=\"h3\">Tugevvoolu-, n\u00f5rkvoolu- ja automaatikapaigaldiste projekteerimine<\/h2>\n            <div class=\"py-4\">\n                <p class=\"callout\">Omades pikaajalist t\u00f6\u00f6kogemust insener-tehnilise projekteerimise ja n\u00f5ustamise valdkonnas teostame t\u00f6id nii sise- kui v\u00e4lipaigaldistele k\u00f5ikides projekteerimisetappides.<\/p>\n            <\/div><a class=\"btn btn-primary rounded-0\" href=\"#teenused\" data-scroll=\"\">Tutvu meie teenustega<\/a>\n        <\/div>\n        <div class=\"col-xl-6 col-lg-7 offset-xl-1\">\n            <div class=\"d-none d-lg-block bg-no-repeat bg-position-center h-100 py-5\" style=\"top: 0; left: -45px; min-height: 543px; width: 646px; background-image: url(https:\/\/nortes.ee\/wp-content\/uploads\/2021\/03\/nortes_ava.png);\"><\/div>\n        <\/div>\n    <\/div>\n<\/section>\n\n\n\n<a id=\"teenused\"><\/a>\n<section class=\"container position-relative zindex-5 pt-5 pt-md-6 pt-lg-7\">\n    <h2 class=\"text-center pt-3 pt-md-0 mb-5\">Teenused<\/h2>\n    <div class=\"row\">\n        <div class=\"col-sm-6 mb-grid-gutter\">\n            <div class=\"bg-light shadow rounded-3 py-5 px-4\">\n                <div class=\"d-block d-xl-flex align-items-center px-lg-3 py-xl-2 text-center text-sm-start\"><img class=\"d-inline-block mb-3 mb-xl-0\" src=\"https:\/\/nortes.ee\/wp-content\/uploads\/2021\/03\/projekteerimine.png\" alt=\"Team\" width=\"140\">\n                    <div class=\"ps-xl-3 ms-xl-3\">\n                        <h3 class=\"h4 text-primary pb-1\">Projekteerimine<\/h3>\n                      \n                    <\/div>\n                <\/div>\n            <\/div>\n        <\/div>\n        <div class=\"col-sm-6 mb-grid-gutter\">\n            <div class=\"bg-light shadow rounded-3 py-5 px-4\">\n                <div class=\"d-block d-xl-flex align-items-center px-lg-3 py-xl-2 text-center text-sm-start\"><img class=\"d-inline-block mb-3 mb-xl-0\" src=\"https:\/\/nortes.ee\/wp-content\/uploads\/2021\/03\/konsultatsioonid.png\" alt=\"Freelancer\" width=\"140\">\n                    <div class=\"ps-xl-3 ms-xl-3\">\n                        <h3 class=\"h4 text-primary pb-1\">Elektrialased konsultatsioonid<\/h3>\n                        \n                    <\/div>\n                <\/div>\n            <\/div>\n        <\/div>\n    <\/div>\n    <div class=\"row\">\n        <div class=\"col-sm-6 mb-grid-gutter\">\n            <div class=\"bg-light shadow rounded-3 py-5 px-4\">\n                <div class=\"d-block d-xl-flex align-items-center px-lg-3 py-xl-2 text-center text-sm-start\"><img class=\"d-inline-block mb-3 mb-xl-0\" src=\"https:\/\/nortes.ee\/wp-content\/uploads\/2021\/03\/ekspertiis.png\" alt=\"Team\" width=\"140\">\n                    <div class=\"ps-xl-3 ms-xl-3\">\n                        <h3 class=\"h4 text-primary pb-1\">Ekspertiisid<\/h3>\n                       \n                    <\/div>\n                <\/div>\n            <\/div>\n        <\/div>\n        <div class=\"col-sm-6 mb-grid-gutter\">\n            <div class=\"bg-light shadow rounded-3 py-5 px-4\">\n                <div class=\"d-block d-xl-flex align-items-center px-lg-3 py-xl-2 text-center text-sm-start\"><img class=\"d-inline-block mb-3 mb-xl-0\" src=\"https:\/\/nortes.ee\/wp-content\/uploads\/2021\/03\/paikesepargid.png\" alt=\"Freelancer\" width=\"140\">\n                    <div class=\"ps-xl-3 ms-xl-3\">\n                        <h3 class=\"h4 text-primary pb-1\">P\u00e4ikeseparkide projekteerimine<\/h3>\n                        \n                    <\/div>\n                <\/div>\n            <\/div>\n        <\/div>\n    <\/div>\n    <div class=\"row\">\n        <div class=\"col-sm-6 mb-grid-gutter\">\n            <div class=\"bg-light shadow rounded-3 py-5 px-4\">\n                <div class=\"d-block d-xl-flex align-items-center px-lg-3 py-xl-2 text-center text-sm-start\"><img class=\"d-inline-block mb-3 mb-xl-0\" src=\"https:\/\/nortes.ee\/wp-content\/uploads\/2021\/03\/jarelvalve.png\" alt=\"Team\" width=\"140\">\n                    <div class=\"ps-xl-3 ms-xl-3\">\n                        <h3 class=\"h4 text-primary pb-1\">J\u00e4relvalve<\/h3>\n                        \n                    <\/div>\n                <\/div>\n            <\/div>\n        <\/div>\n    <\/div>\n<\/section>\n\n\n\n<a id=\"kontakt\"><\/a>\n<section class=\"jarallax bg-gradient pt-5 pb-7 pt-md-7\" data-jarallax=\"\" data-speed=\"0.25\"><span class=\"position-absolute top-0 start-0 w-100 h-100 bg-gradient opacity-80\"><\/span>\n    <div class=\"jarallax-img\" style=\"background-image: url(https:\/\/nortes.ee\/wp-content\/uploads\/2021\/03\/nortes_kontakt.jpg);\"><\/div>\n    <div class=\"shape shape-bottom shape-slant bg-body\">\n        <svg xmlns=\"http:\/\/www.w3.org\/2000\/svg\" viewBox=\"0 0 3000 260\">\n            <polygon fill=\"currentColor\" points=\"0,257 0,260 3000,260 3000,0\"><\/polygon>\n        <\/svg>\n    <\/div>\n    <div class=\"container position-relative zindex-5 pt-3 pb-7 pt-md-0\">\n        <div class=\"row justify-content-center pb-7\">\n            <div class=\"col-lg-10\">\n                <h1 class=\"text-light\">V\u00f5ta meiega \u00fchendust<\/h1>\n                <p class=\"text-light\">Kirjuta meile ja k\u00fcsi pakkumist. Leiame teile parima lahenduse.<\/p>\n            <\/div>\n        <\/div>\n    <\/div>\n<\/section>\n<!-- Contact form + details-->\n<section class=\"container position-relative zindex-5 pb-5\">\n    <div class=\"row\">\n        <div class=\"col-lg-6 col-md-7 offset-lg-1 pb-2 mb-5\" style=\"margin-top: -260px;\">\n            <div class=\"card border-0 shadow-lg\">\n                <div role=\"form\" class=\"wpcf7\" id=\"wpcf7-f21-o1\" lang=\"en-US\" dir=\"ltr\">\n<div class=\"screen-reader-response\"><p role=\"status\" aria-live=\"polite\" aria-atomic=\"true\"><\/p> <ul><\/ul><\/div>\n<form action=\"\/index.php?rest_route=%2Fwp%2Fv2%2Fpages%2F7#wpcf7-f21-o1\" method=\"post\" class=\"wpcf7-form init card-body p-5\" novalidate=\"novalidate\" data-status=\"init\">\n<div style=\"display: none;\">\n<input type=\"hidden\" name=\"_wpcf7\" value=\"21\" \/>\n<input type=\"hidden\" name=\"_wpcf7_version\" value=\"5.4\" \/>\n<input type=\"hidden\" name=\"_wpcf7_locale\" value=\"en_US\" \/>\n<input type=\"hidden\" name=\"_wpcf7_unit_tag\" value=\"wpcf7-f21-o1\" \/>\n<input type=\"hidden\" name=\"_wpcf7_container_post\" value=\"0\" \/>\n<input type=\"hidden\" name=\"_wpcf7_posted_data_hash\" value=\"\" \/>\n<\/div>\n<div class=\"mb-3 pb-1\">\n    <label class=\"form-label\">Teie nimi<\/label><br \/>\n    <input type=\"text\" name=\"your-name\" value=\"\" size=\"40\" class=\"wpcf7-form-control wpcf7-text wpcf7-validates-as-required form-control\" aria-required=\"true\" aria-invalid=\"false\" \/>\n<\/div>\n<div class=\"mb-3 pb-1\">\n    <label class=\"form-label\">Teie e-mail<\/label><br \/>\n    <input type=\"email\" name=\"your-email\" value=\"\" size=\"40\" class=\"wpcf7-form-control wpcf7-text wpcf7-email wpcf7-validates-as-required wpcf7-validates-as-email form-control\" aria-required=\"true\" aria-invalid=\"false\" \/>\n<\/div>\n<div class=\"mb-3 pb-1\">\n    <label class=\"form-label\">Pealkiri<\/label><br \/>\n    <input type=\"text\" name=\"your-subject\" value=\"\" size=\"40\" class=\"wpcf7-form-control wpcf7-text wpcf7-validates-as-required form-control\" aria-required=\"true\" aria-invalid=\"false\" \/>\n<\/div>\n<div class=\"mb-3 pb-1\">\n    <label class=\"form-label\">Teie kiri<\/label><br \/>\n    <textarea name=\"your-message\" cols=\"40\" rows=\"10\" class=\"wpcf7-form-control wpcf7-textarea form-control\" aria-invalid=\"false\"><\/textarea>\n<\/div>\n<p><input type=\"submit\" value=\"Saada\" class=\"wpcf7-form-control wpcf7-submit btn btn-primary\" \/><\/p>\n<div class=\"wpcf7-response-output\" aria-hidden=\"true\"><\/div><\/form><\/div>\n            <\/div>\n        <\/div>\n        <div class=\"col-lg-4 col-md-4 offset-md-1\">\n            <h2 class=\"h4 pb-3\">Kontaktid<\/h2>\n            <h3 class=\"h6 pb-2\">Nortes-i O\u00dc<\/h3>\n            <ul class=\"list-unstyled fs-sm pb-3\">\n                <li class=\"d-flex align-items-top mb-3\"><i class=\"ai-map-pin fs-xl text-muted mt-1 me-2 pe-1\"><\/i>\n                    <div>Paju tn 1a Tartu<br>Tartumaa 50603<br><a class=\"fancy-link\" href=\"#map\" data-scroll=\"\">Vaata kaardilt<\/a><\/div>\n                <\/li>\n                <li class=\"d-flex align-items-center mb-3\"><i class=\"ai-mail fs-xl text-muted me-2 pe-1\"><\/i>\n                    <div>nortes@nortes.ee<\/div>\n                <\/li>\n                <li class=\"d-flex align-items-center mb-3\"><i class=\"ai-phone fs-xl text-muted me-2 pe-1\"><\/i>\n                    <div>+372 5550 0681<\/div>\n                <\/li>\n            <\/ul>\n          \n            <ul class=\"list-unstyled fs-sm\">\n                <li class=\"d-flex align-items-top mb-3\"><i class=\"ai-book fs-xl text-muted mt-1 me-2 pe-1\"><\/i>\n                    <div>Registrikood: 10291091<br><\/div>\n                <\/li>\n\n            <\/ul>\n        <\/div>\n    <\/div>\n<\/section>\n<!-- Map-->\n<section id=\"map\">\n    <iframe src=\"https:\/\/www.google.com\/maps\/embed?pb=!1m18!1m12!1m3!1d2091.904775518601!2d26.736665716609615!3d58.378142781336194!2m3!1f0!2f0!3f0!3m2!1i1024!2i768!4f13.1!3m3!1m2!1s0x46eb36dbc01e4417%3A0x123b9c293739021!2sPaju%201a%2C%2051013%20Tartu!5e0!3m2!1sen!2see!4v1616406354605!5m2!1sen!2see\" style=\"border:0;\" allowfullscreen=\"\" loading=\"lazy\" width=\"100%\" height=\"600\"><\/iframe>\n<\/section>\n","protected":false},"excerpt":{"rendered":"<p>Elektripaigaldis algab projektist Tugevvoolu-, n\u00f5rkvoolu- ja automaatikapaigaldiste projekteerimine Omades pikaajalist t\u00f6\u00f6kogemust insener-tehnilise projekteerimise ja n\u00f5ustamise valdkonnas teostame t\u00f6id nii sise- kui v\u00e4lipaigaldistele k\u00f5ikides projekteerimisetappides. Tutvu meie teenustega Teenused Projekteerimine Elektrialased konsultatsioonid Ekspertiisid P\u00e4ikeseparkide projekteerimine J\u00e4relvalve V\u00f5ta meiega \u00fchendust Kirjuta meile ja k\u00fcsi pakkumist. Leiame teile parima lahenduse. Kontaktid Nortes-i O\u00dc Paju tn 1a TartuTartumaa 50603Vaata [&hellip;]<\/p>\n","protected":false},"author":1,"featured_media":0,"parent":0,"menu_order":0,"comment_status":"closed","ping_status":"closed","template":"","meta":[],"_links":{"self":[{"href":"https:\/\/nortes.ee\/index.php?rest_route=\/wp\/v2\/pages\/7"}],"collection":[{"href":"https:\/\/nortes.ee\/index.php?rest_route=\/wp\/v2\/pages"}],"about":[{"href":"https:\/\/nortes.ee\/index.php?rest_route=\/wp\/v2\/types\/page"}],"author":[{"embeddable":true,"href":"https:\/\/nortes.ee\/index.php?rest_route=\/wp\/v2\/users\/1"}],"replies":[{"embeddable":true,"href":"https:\/\/nortes.ee\/index.php?rest_route=%2Fwp%2Fv2%2Fcomments&post=7"}],"version-history":[{"count":5,"href":"https:\/\/nortes.ee\/index.php?rest_route=\/wp\/v2\/pages\/7\/revisions"}],"predecessor-version":[{"id":123,"href":"https:\/\/nortes.ee\/index.php?rest_route=\/wp\/v2\/pages\/7\/revisions\/123"}],"wp:attachment":[{"href":"https:\/\/nortes.ee\/index.php?rest_route=%2Fwp%2Fv2%2Fmedia&parent=7"}],"curies":[{"name":"wp","href":"https:\/\/api.w.org\/{rel}","templated":true}]}}